{"id":3469,"date":"2015-12-15T15:21:42","date_gmt":"2015-12-15T14:21:42","guid":{"rendered":"http:\/\/www.satg.pl\/wordpress\/?page_id=3469"},"modified":"2016-03-28T21:48:39","modified_gmt":"2016-03-28T19:48:39","slug":"_1","status":"publish","type":"page","link":"https:\/\/satg.pl\/geolog\/_1\/","title":{"rendered":"1 %"},"content":{"rendered":"<h4><span style=\"color: #000000;\">Je\u015bli masz informacj\u0119 na temat mo\u017cliwo\u015bci podania danych do 1% w rozliczeniu podatkowym, kt\u00f3re dotyczy\u0142oby naszych absolwent\u00f3w (uczni\u00f3w) to prze\u015blij na maila archiwum@satg.pl<\/span><\/h4>\n<p>&nbsp;<\/p>\n<h3><a href=\"http:\/\/garapo.o12.pl\/_1\/luiza-kwapien\/\">Luiza Kwapie\u0144<\/a><\/h3>\n<h3><a href=\"http:\/\/garapo.o12.pl\/_1\/janusz-tracz\/\">Janusz Tracz<\/a><\/h3>\n","protected":false},"excerpt":{"rendered":"<p>Je\u015bli masz informacj\u0119 na temat mo\u017cliwo\u015bci podania danych do 1% w rozliczeniu podatkowym, kt\u00f3re dotyczy\u0142oby naszych absolwent\u00f3w (uczni\u00f3w) to prze\u015blij na maila archiwum@satg.pl &nbsp; Luiza Kwapie\u0144 Janusz Tracz<\/p>\n<p class=\"continue-reading-button\"> <a class=\"continue-reading-link\" href=\"https:\/\/satg.pl\/geolog\/_1\/\">Czytaj dalej<i class=\"crycon-right-dir\"><\/i><\/a><\/p>\n","protected":false},"author":1,"featured_media":0,"parent":0,"menu_order":0,"comment_status":"closed","ping_status":"closed","template":"","meta":{"ngg_post_thumbnail":0,"jetpack_post_was_ever_published":false,"footnotes":""},"class_list":["post-3469","page","type-page","status-publish","hentry"],"jetpack_sharing_enabled":true,"jetpack_shortlink":"https:\/\/wp.me\/P7jPbe-TX","jetpack-related-posts":[{"id":10235,"url":"https:\/\/satg.pl\/geolog\/_1\/luiza-kwapien\/","url_meta":{"origin":3469,"position":0},"title":"Luiza Kwapie\u0144","author":"Marzena Bakalarz-Doropowicz","date":"2016-01-21","format":false,"excerpt":"Luiza Kwapie\u0144 c\u00f3rka Nataszy Tanianis i Marcina Kwapienia (oboje rocznik 1993) Luiza niedawno sko\u0144czy\u0142a 11 lat. Dzi\u0119ki wp\u0142atom darczy\u0144c\u00f3w przez ostatni czas mog\u0142a intensywnie pracowa\u0107 nad swoim zdrowiem osi\u0105gaj\u0105c znaczn\u0105 popraw\u0119. Dajmy szans\u0119 Luizie na \"normalne\" \u017cycie. Przeka\u017cmy 1% w zeznaniu podatkowym na jej leczenie. Ka\u017cda z\u0142ot\u00f3wka zostanie wykorzystana w\u2026","rel":"","context":"Podobny wpis","block_context":{"text":"Podobny wpis","link":""},"img":{"alt_text":"pit2010","src":"https:\/\/i0.wp.com\/satg.pl\/geolog\/wp-content\/uploads\/2016\/01\/pit2010.jpg?resize=350%2C200","width":350,"height":200,"srcset":"https:\/\/i0.wp.com\/satg.pl\/geolog\/wp-content\/uploads\/2016\/01\/pit2010.jpg?resize=350%2C200 1x, https:\/\/i0.wp.com\/satg.pl\/geolog\/wp-content\/uploads\/2016\/01\/pit2010.jpg?resize=525%2C300 1.5x, https:\/\/i0.wp.com\/satg.pl\/geolog\/wp-content\/uploads\/2016\/01\/pit2010.jpg?resize=700%2C400 2x"},"classes":[]},{"id":1268,"url":"https:\/\/satg.pl\/geolog\/zjazd_2013\/","url_meta":{"origin":3469,"position":1},"title":"ZJAZD","author":"Garapozales","date":"2012-12-26","format":false,"excerpt":"Strona po\u015bwi\u0119cona zjazdowi, kt\u00f3ry odb\u0119dzie si\u0119 w czerwcu 2013 roku. Same naj\u015bwie\u017csze informacje JUBILEUSZOWY X ZJAZD ABSOLWENT\u00d3W TG w dniach 8-9 czerwca 2013 r. UWAGA: Absolwenci posiadaj\u0105cy galowe mundury g\u00f3rnicze proszeni s\u0105 o uczestnictwo w nich w cz\u0119\u015bci oficjalnej. Op\u0142ata za udzia\u0142 wynosi 220 z\u0142 (ma\u0142\u017ce\u0144stwa absolwenckie TG - 350\u2026","rel":"","context":"Podobny wpis","block_context":{"text":"Podobny wpis","link":""},"img":{"alt_text":"Zjazd","src":"https:\/\/i0.wp.com\/satg.pl\/geolog\/wp-content\/uploads\/2012\/12\/Zjazd.png?resize=350%2C200","width":350,"height":200},"classes":[]},{"id":620,"url":"https:\/\/satg.pl\/geolog\/teksty\/wiersze\/","url_meta":{"origin":3469,"position":2},"title":"WIERSZE","author":"Garapozales","date":"2011-09-03","format":false,"excerpt":"Kielecki Geolog - Ryszard Kie\u0142ek(tekst oryginalny) \u00a0 \u00a0 \u00a0 \u00a0 W \u015bwi\u0119tokrzyskich g\u00f3r enklawie dzia\u0142a\u0142a kiedy\u015b pi\u0119kna szko\u0142a o nie tylko regionalnej, kieleckiej ale i narodowej s\u0142awie. Ten monolog m\u00f3wi o \u015bredniej szkole o nazwie \"Geolog\". Jego historia wiele lat si\u0119ga, to prawdziwa edukacyjna pot\u0119ga, technicy wiertnicy, p\u00f3\u017aniejsi in\u017cynierowie, uczelnie\u2026","rel":"","context":"Podobny wpis","block_context":{"text":"Podobny wpis","link":""},"img":{"alt_text":"","src":"https:\/\/i0.wp.com\/satg.pl\/geolog\/wp-content\/uploads\/2023\/06\/Ryszard-Kielek-150x150.jpg?resize=350%2C200","width":350,"height":200},"classes":[]},{"id":1626,"url":"https:\/\/satg.pl\/geolog\/teksty\/wspomnienia\/","url_meta":{"origin":3469,"position":3},"title":"WSPOMNIENIA","author":"Garapozales","date":"2013-06-21","format":false,"excerpt":"O UCZNIACH, KT\u00d3RZY KOCHALI SWOJ\u0104 SZKO\u0141\u0118 CZYLI FENOMEN TECHNIKUM GEOLOGICZNEGO W KIELCACH NAPISANE PRZEZ; ZOFIA T. KRAMER (PAWLIK), matura 1983 D\u0142ugo my\u015bla\u0142am co powinnam napisa\u0107, aby przekaza\u0107 moje wspomnienia z pi\u0119ciu fantastycznych lat \u017cycia i nikogo nie pomin\u0105\u0107, dlatego nikogo nie wymieniam tu z imienia i nazwiska. Ci, kt\u00f3rzy byli\u2026","rel":"","context":"Podobny wpis","block_context":{"text":"Podobny wpis","link":""},"img":{"alt_text":"","src":"","width":0,"height":0},"classes":[]},{"id":128,"url":"https:\/\/satg.pl\/geolog\/teksty\/piesnipiosenki\/","url_meta":{"origin":3469,"position":4},"title":"PIE\u015aNI\/PIOSENKI","author":"Garapozales","date":"2010-11-03","format":false,"excerpt":"Hymn g\u00f3rniczy [audio: Gorniczy stan.mp3] Hello World! G\u00f3rniczy Stan niech nam \u017cyje Niech \u017cyje nam G\u00f3rniczy Stan, Bo cho\u0107 przed nami dzienne \u015bwiat\u0142o kryje To\u0107 dla ojczyzny trud ten jest nam dan Bo\u0107 synowi podziemnych czarnych \u015bwiat\u00f3w Ka\u017cdy ch\u0119tnie poda sw\u0105 d\u0142o\u0144\/(bis) Niech \u017cyje nam G\u00f3rniczy Stan G\u00f3rniczy Stan niech\u2026","rel":"","context":"Podobny wpis","block_context":{"text":"Podobny wpis","link":""},"img":{"alt_text":"","src":"","width":0,"height":0},"classes":[]},{"id":9,"url":"https:\/\/satg.pl\/geolog\/historia\/","url_meta":{"origin":3469,"position":5},"title":"HISTORIA","author":"Garapozales","date":"2010-10-30","format":false,"excerpt":"Historia TG \u00a0 Technikum Geologiczne w Kielcach powsta\u0142o w 1953 r. na mocy zarz\u0105dzenia z dnia 28 lutego 1953\u00a0r. nr IV-05b\/30 wydanego przez Centralny Urz\u0105d Geologii w Warszawie. W roku szkolnym 1953\/54 by\u0142a jedna czterdziestoosobowa klasa wydzia\u0142u laboratoryjnego z\u00a0jednym nauczycielem etatowym, wychowawczyni\u0105 klasy by\u0142a mgr Maria Zatorska. Pierwszym dyrektorem szko\u0142y\u2026","rel":"","context":"Podobny wpis","block_context":{"text":"Podobny wpis","link":""},"img":{"alt_text":"","src":"","width":0,"height":0},"classes":[]}],"jetpack_likes_enabled":true,"_links":{"self":[{"href":"https:\/\/satg.pl\/geolog\/wp-json\/wp\/v2\/pages\/3469","targetHints":{"allow":["GET"]}}],"collection":[{"href":"https:\/\/satg.pl\/geolog\/wp-json\/wp\/v2\/pages"}],"about":[{"href":"https:\/\/satg.pl\/geolog\/wp-json\/wp\/v2\/types\/page"}],"author":[{"embeddable":true,"href":"https:\/\/satg.pl\/geolog\/wp-json\/wp\/v2\/users\/1"}],"replies":[{"embeddable":true,"href":"https:\/\/satg.pl\/geolog\/wp-json\/wp\/v2\/comments?post=3469"}],"version-history":[{"count":1,"href":"https:\/\/satg.pl\/geolog\/wp-json\/wp\/v2\/pages\/3469\/revisions"}],"predecessor-version":[{"id":19234,"href":"https:\/\/satg.pl\/geolog\/wp-json\/wp\/v2\/pages\/3469\/revisions\/19234"}],"wp:attachment":[{"href":"https:\/\/satg.pl\/geolog\/wp-json\/wp\/v2\/media?parent=3469"}],"curies":[{"name":"wp","href":"https:\/\/api.w.org\/{rel}","templated":true}]}}

<h4><span style="color: #000000;">Jeśli masz informację na temat możliwości podania danych do 1% w rozliczeniu podatkowym, które dotyczyłoby naszych absolwentów (uczniów) to prześlij na maila archiwum@satg.pl</span></h4>
<p>&nbsp;</p>
<h3><a href="http://garapo.o12.pl/_1/luiza-kwapien/">Luiza Kwapień</a></h3>
<h3><a href="http://garapo.o12.pl/_1/janusz-tracz/">Janusz Tracz</a></h3>

<p>Jeśli masz informację na temat możliwości podania danych do 1% w rozliczeniu podatkowym, które dotyczyłoby naszych absolwentów (uczniów) to prześlij na maila archiwum@satg.pl &nbsp; Luiza Kwapień Janusz Tracz</p>
<p class="continue-reading-button"> <a class="continue-reading-link" href="https://satg.pl/geolog/_1/">Czytaj dalej<i class="crycon-right-dir"></i></a></p>

Luiza Kwapień

Luiza Kwapień córka Nataszy Tanianis i Marcina Kwapienia (oboje rocznik 1993) Luiza niedawno skończyła 11 lat. Dzięki wpłatom darczyńców przez ostatni czas mogła intensywnie pracować nad swoim zdrowiem osiągając znaczną poprawę. Dajmy szansę Luizie na "normalne" życie. Przekażmy 1% w zeznaniu podatkowym na jej leczenie. Każda złotówka zostanie wykorzystana w…

Strona poświęcona zjazdowi, który odbędzie się w czerwcu 2013 roku. Same najświeższe informacje JUBILEUSZOWY X ZJAZD ABSOLWENTÓW TG w dniach 8-9 czerwca 2013 r. UWAGA: Absolwenci posiadający galowe mundury górnicze proszeni są o uczestnictwo w nich w części oficjalnej. Opłata za udział wynosi 220 zł (małżeństwa absolwenckie TG - 350…

Kielecki Geolog - Ryszard Kiełek(tekst oryginalny)         W świętokrzyskich gór enklawie działała kiedyś piękna szkoła o nie tylko regionalnej, kieleckiej ale i narodowej sławie. Ten monolog mówi o średniej szkole o nazwie "Geolog". Jego historia wiele lat sięga, to prawdziwa edukacyjna potęga, technicy wiertnicy, późniejsi inżynierowie, uczelnie…

O UCZNIACH, KTÓRZY KOCHALI SWOJĄ SZKOŁĘ CZYLI FENOMEN TECHNIKUM GEOLOGICZNEGO W KIELCACH NAPISANE PRZEZ; ZOFIA T. KRAMER (PAWLIK), matura 1983 Długo myślałam co powinnam napisać, aby przekazać moje wspomnienia z pięciu fantastycznych lat życia i nikogo nie pominąć, dlatego nikogo nie wymieniam tu z imienia i nazwiska. Ci, którzy byli…

PIEŚNI/PIOSENKI

Hymn górniczy [audio: Gorniczy stan.mp3] Hello World! Górniczy Stan niech nam żyje Niech żyje nam Górniczy Stan, Bo choć przed nami dzienne światło kryje Toć dla ojczyzny trud ten jest nam dan Boć synowi podziemnych czarnych światów Każdy chętnie poda swą dłoń/(bis) Niech żyje nam Górniczy Stan Górniczy Stan niech…

Historia TG   Technikum Geologiczne w Kielcach powstało w 1953 r. na mocy zarządzenia z dnia 28 lutego 1953 r. nr IV-05b/30 wydanego przez Centralny Urząd Geologii w Warszawie. W roku szkolnym 1953/54 była jedna czterdziestoosobowa klasa wydziału laboratoryjnego z jednym nauczycielem etatowym, wychowawczynią klasy była mgr Maria Zatorska. Pierwszym dyrektorem szkoły…
