{"id":255,"date":"2010-11-09T08:05:40","date_gmt":"2010-11-09T07:05:40","guid":{"rendered":"http:\/\/www.satg.pl\/wordpress\/"},"modified":"2023-07-02T20:42:53","modified_gmt":"2023-07-02T18:42:53","slug":"nauczyciele","status":"publish","type":"page","link":"https:\/\/satg.pl\/geolog\/spis-absolwentow\/nauczyciele\/","title":{"rendered":"NAUCZYCIELE"},"content":{"rendered":"<p>Dyrektorzy szko\u0142y<\/p>\n<ul>\n<li>Ignacy Nesterowicz<\/li>\n<li>Jan Rafa\u0142 Kami\u0144ski<\/li>\n<li>Marian Niemiec<\/li>\n<li>Wanda Marcinkow\u00adska<\/li>\n<li>Czes\u0142aw Jaroszewski<\/li>\n<li>Mieczys\u0142aw Krzosa<\/li>\n<li>W\u0142odzimierz Talik<\/li>\n<li>Tadeusz Mertyna<\/li>\n<\/ul>\n<p><a name=\"bookmark3\"><\/a> Zast\u0119pcy dyrektora<\/p>\n<ul>\n<li>Eugeniusz Senkowicz<\/li>\n<li>Marian Niemiec<\/li>\n<li>Ryszard Zieli\u0144ski<\/li>\n<li>Wanda Marcinkowska<\/li>\n<li>Stanis\u0142aw Kozie\u0142<\/li>\n<li>Kazimierz Bogda\u0144ski<\/li>\n<li>Zenon Wo\u017aniak<\/li>\n<li>Jolanta Szajn<\/li>\n<\/ul>\n<p><a name=\"bookmark0\"><\/a> Wychowawcy klas<\/p>\n<ul>\n<li>Halina Baka\u0142arz 1984, 1988<\/li>\n<li>Kazimierz Bogda\u0144ski, 1970, 1978<\/li>\n<li>Zbigniew Cygan 1959<\/li>\n<li>Henryk Czaja 1964<\/li>\n<li>Maria Duda 1992<\/li>\n<li>Czes\u0142aw Gonciarz 1987<\/li>\n<li>Marianna Grad 1970<\/li>\n<li>Wanda Hofdun-Marcinkowska 1963, 1968, 1973, 1978<\/li>\n<li>Jerzy Ho\u0142ownia 1997<\/li>\n<li>Tadeusz K\u0119dra 1969<\/li>\n<li>Krystyna J\u00f3\u017awik 1982, 1990, 1996<\/li>\n<li>Jan Kmiecik 1968, 1973, 1978<\/li>\n<li>Katarzyna Kr\u0105kowska 1998, 2002<\/li>\n<li>Stanis\u0142aw Kozie\u0142 1967, 1972 1976, 1986, 1989, 1993, 1994<\/li>\n<li>Anna Krawczyk 1984<\/li>\n<li>Krystyna Lipska 1985, 1991<\/li>\n<li>Ryszard Lisik 1979<\/li>\n<li>Stanis\u0142aw Lisowicz 1981<\/li>\n<li>Tadeusz Madej 1968, 1973, 1977<\/li>\n<li>Barbara Malinowska 1967, 1974<\/li>\n<li>Czes\u0142aw Marchel 1958<\/li>\n<li>Andrzej Mazur 1984<\/li>\n<li>J\u00f3zef Mrozicki 1962, 1967, 1971<\/li>\n<li>Marian Niemiec 1962, 1966<\/li>\n<li>El\u017cbieta Nowak 1983, 1988, 1993<\/li>\n<li>Wies\u0142awa Oborny 1967, 1972<\/li>\n<li>Ludwik Papierz 1968, 1969, 1984<\/li>\n<li>Anna Piskorz 1987, 1994<\/li>\n<li>El\u017cbieta Plesowicz 1990<\/li>\n<li>Teodozja Pojawska 1961, 1966, 1971, 1976<\/li>\n<li>Zofia Polak 1959, 1965, 1970, 1975, 1980<\/li>\n<li>El\u017cbieta Religa 1978, 1981, 1986, 1992<\/li>\n<li>Cecylia Rynio 1983<\/li>\n<li>Bogumi\u0142 Selerski 1989, 1995<\/li>\n<li>Eugeniusz Senkowicz 1961<\/li>\n<li>Barbara So\u0142owow 1969, 1974, 1976, 1991<\/li>\n<li>Tadeusz Stawiarz 1970, 1982<\/li>\n<li>Jolanta Szajn 1976, 1979, 1981<\/li>\n<li>Andrzej Szczerba 1969<\/li>\n<li>Janusz Szczygielski 1978<\/li>\n<li>Otylia Szyndler 1968, 1970, 1975, 1980, 1985<\/li>\n<li>Teresa Taszek 1977, 1982<\/li>\n<li>Bogus\u0142aw Tewi\u0144ski 1969, 1970, 1974<\/li>\n<li>Przemys\u0142aw Witek 1980<\/li>\n<li>Maria Zatorska 1957<\/li>\n<li>Henryk Zdanowicz 1967, 1970<\/li>\n<\/ul>\n<p><a name=\"bookmark4\"><\/a> Nauczyciele etatowi<\/p>\n<ul>\n<li>Zofia Antoszewska<\/li>\n<li>Barbara B\u0142otniak<\/li>\n<li>Emilia Benedyktowicz<\/li>\n<li>Kazimierz Bog\u00adda\u0144ski<\/li>\n<li>ks. Stanis\u0142aw Czerwi\u0144ski<\/li>\n<li>Ryszard Fabrowski<\/li>\n<li>Kazimierz Fert<\/li>\n<li>Janusz Gra\u00adbowski<\/li>\n<li>Eugenia Gigo\u0144-Fija\u0142kowska<\/li>\n<li>Wanda Hofund-Marcinkowska<\/li>\n<li>Jerzy Ho\u0142ownia<\/li>\n<li>Ryszard Kalina<\/li>\n<li>Jan Kami\u0144ski<\/li>\n<li>Zdzis\u0142aw K\u0119dra<\/li>\n<li>Jan Kmiecik<\/li>\n<li>Jerzy Klimczak<\/li>\n<li>Wiktor Klinger<\/li>\n<li>Eugeniusz Kosik<\/li>\n<li>Stanis\u0142aw Kozie\u0142<\/li>\n<li>Anna Krawczyk<\/li>\n<li>Barbara Kr\u00f3\u00adlikowska<\/li>\n<li>Daniel Lenarczyk<\/li>\n<li>Zdzis\u0142aw Luciak<\/li>\n<li>Tadeusz Madej<\/li>\n<li>Barbara Malinow\u00adska<\/li>\n<li>Janina Marcinkowska<\/li>\n<li>Andrzej Mazur<\/li>\n<li>Irena Micu\u0142a<\/li>\n<li>J\u00f3zef Mrozicki<\/li>\n<li>Marian Niemiec<\/li>\n<li>El\u017cbieta Nowak<\/li>\n<li>W\u0142adys\u0142aw Nowak<\/li>\n<li>Wies\u0142awa Oborny<\/li>\n<li>Henryk Palewicz<\/li>\n<li>Ludwik Papierz<\/li>\n<li>Czes\u0142aw Piotrowicz<\/li>\n<li>El\u017cbieta Plesowicz<\/li>\n<li>Teodozja Pojawska<\/li>\n<li>Zofia Polak<\/li>\n<li>El\u017cbieta Potocka<\/li>\n<li>Pelagia Rajkowka<\/li>\n<li>Cecylia Rynio<\/li>\n<li>Bogumi\u0142 Selerski<\/li>\n<li>Eugeniusz Senko\u00adwicz<\/li>\n<li>Barbara So\u0142owow<\/li>\n<li>Jan Staro\u015bciak<\/li>\n<li>Tadeusz Stawiarz<\/li>\n<li>Janusz Szczygielski<\/li>\n<li>Marian Szczyg\u0142owski<\/li>\n<li>Franciszek Szuba<\/li>\n<li>s. Janina Szumal<\/li>\n<li>Otylia Szyndler<\/li>\n<li>Tere\u00adsa Taszek<\/li>\n<li>Jaros\u0142aw Telka<\/li>\n<li>Bogus\u0142aw Tewi\u0144ski<\/li>\n<li>Janusz Tomaszewski<\/li>\n<li>Zenona Tom\u00adczyk<\/li>\n<li>Przemys\u0142aw Witek<\/li>\n<li>W\u0142odzimierz Wo\u015b<\/li>\n<li>Zofia Wo\u017aniak<\/li>\n<li>Miros\u0142aw Zardzewia\u00ad\u0142y<\/li>\n<li>Zofia Zakrzewska<\/li>\n<li>Maria Zatorska<\/li>\n<li>Henryk Zdanowicz<\/li>\n<li>Jan \u017bak<\/li>\n<\/ul>\n<p><a name=\"bookmark5\"><\/a> Nauczyciele dochodz\u0105cy<\/p>\n<ul>\n<li>Henryk Arnold<\/li>\n<li>Emilian Baran<\/li>\n<li>Stanis\u0142aw Baran<\/li>\n<li>Halina Bernat<\/li>\n<li>Zofia Biskup\u00adska<\/li>\n<li>Anna Brzozowska<\/li>\n<li>Marian Bzdyl<\/li>\n<li>Zbigniew Cedro<\/li>\n<li>Adam Chamerski<\/li>\n<li>Maciej Chrapkiewicz<\/li>\n<li>Zbigniew Cygan<\/li>\n<li>Henryk Czaja<\/li>\n<li>Stanis\u0142aw Czaja<\/li>\n<li>Pawe\u0142 Czapla<\/li>\n<li>Sta\u00adnis\u0142aw Domaga\u0142a<\/li>\n<li>W\u0142adys\u0142aw Doroz<\/li>\n<li>Krystyna Dworecka<\/li>\n<li>Kazimierz Dworecki<\/li>\n<li>Aleksandra Florin<\/li>\n<li>Adam Gajewski<\/li>\n<li>Stanis\u0142aw Gala<\/li>\n<li>Czes\u0142aw Gonciarz<\/li>\n<li>Marianna Grad<\/li>\n<li>Lidia Grze\u015b<\/li>\n<li>Marian Guzik<\/li>\n<li>Ireneusz Jakubowski<\/li>\n<li>Adam Jerschina<\/li>\n<li>Andrzej Jopkiewicz<\/li>\n<li>Boles\u0142aw Iwa\u0144ski<\/li>\n<li>Henryk Jurkiewicz<\/li>\n<li>Jerzy Kamoda<\/li>\n<li>El\u017cbieta Kasiborska-Skarbek<\/li>\n<li>Alicja Kasprzyk<\/li>\n<li>Kazimierz Klenk<\/li>\n<li>ks. Dariusz Korczak<\/li>\n<li>Kazi\u00admierz Kos<\/li>\n<li>Zbigniew Kowalczewski<\/li>\n<li>Tadeusz Krawczyk<\/li>\n<li>J\u00f3zef Kruczkowski<\/li>\n<li>Bal\u00adtazara Krzymuska<\/li>\n<li>Lech Kwasek<\/li>\n<li>Ludwik Lenartowicz<\/li>\n<li>Ryszard Lisik<\/li>\n<li>Stanis\u0142aw Lisowicz<\/li>\n<li>Jerzy \u0141ab\u0119dzki<\/li>\n<li>Alicja Machowska<\/li>\n<li>Czes\u0142aw Marchel<\/li>\n<li>Julia Michalska<\/li>\n<li>Kazimierz Mucha<\/li>\n<li>Anna Nieznalska<\/li>\n<li>Jan Pawlik<\/li>\n<li>Monika Pierzak<\/li>\n<li>Arnold Piotrow\u00adski<\/li>\n<li>Stanis\u0142aw Piskorz<\/li>\n<li>Alicja Pobratyn<\/li>\n<li>Jan Pra\u017cak<\/li>\n<li>Jan Rogali\u0144ski<\/li>\n<li>Jerzy Rogo\u00adzi\u0144ski<\/li>\n<li>Jerzy Rowi\u0144ski<\/li>\n<li>R\u00f3\u017cycka<\/li>\n<li>Edmund Sarna<\/li>\n<li>Hanna Senkowicz<\/li>\n<li>Krystyna Skowron<\/li>\n<li>W\u0142adys\u0142aw Sk\u00f3rski<\/li>\n<li>J\u00f3zef So\u0142tysik<\/li>\n<li>Lech Stawiarski<\/li>\n<li>Teresa Stawska<\/li>\n<li>Leonard Sura<\/li>\n<li>Tadeusz Sus\u0142o<\/li>\n<li>J\u00f3zef Szajn<\/li>\n<li>Zofia Szczepa\u0144ska<\/li>\n<li>Andrzej Szlagow\u00adski<\/li>\n<li>Wies\u0142aw Szyd\u0142owski<\/li>\n<li>Ma\u0142gorzata \u015amigielska<\/li>\n<li>Teresa Trembicka<\/li>\n<li>Andrzej Tracz<\/li>\n<li>El\u017cbieta Wilczy\u0144ska<\/li>\n<li>Helena Wolny<\/li>\n<li>Tymoteusz Wr\u00f3blewski<\/li>\n<li>Witold Wilczy\u0144\u00adski<\/li>\n<li>Anna Ta\u0142asiewicz-\u017burak<\/li>\n<li>Ewa Tomczyk<\/li>\n<li>Henryk Tomczyk<\/li>\n<\/ul>\n<p>Etatowi Nauczyciele ZSZ nr 2 w Kielcach<\/p>\n<p>Dyrektor Szko\u0142y &#8211; Tadeusz Mertyna<\/p>\n<p>Z-cy dyrektora &#8211; Halina Billewicz, Jolanta St\u0119pie\u0144, Jolanta Szajn<\/p>\n<p>Kierownictwo laboratorium &#8211; Ewa Oniszczuk (w poprzednich latach: Maksymi\u00adlian Nowak, Antoni Malinowski, Alfreda Palcar<\/p>\n<p>Biblioteka &#8211; El\u017cbieta Plesowicz, Marta Molenda, Anna Mucha<\/p>\n<p>Pedagog szkolny &#8211; Gra\u017cyna Szyndler \u015awietlica &#8211; El\u017cbieta Panasiewicz<\/p>\n<p>Nauczyciele<\/p>\n<ul>\n<li>Jaros\u0142aw Adach<\/li>\n<li>Agnieszka Adamczyk<\/li>\n<li>Wies\u0142awa Adamczyk<\/li>\n<li>Halina Bakalarz<\/li>\n<li>Piotr Chamera<\/li>\n<li>Agnieszka D\u0105br\u00f3wka<\/li>\n<li>Maria Duda<\/li>\n<li>Wies\u0142aw Grygiel<\/li>\n<li>Stanis\u0142aw Horszczaruk<\/li>\n<li>Krystyna J\u00f3\u017awik<\/li>\n<li>Tomasz J\u00f3\u017awik<\/li>\n<li>Marta Jakubowicz<\/li>\n<li>Karol Jagusi\u0144ski<\/li>\n<li>Agnieszka Kowalska<\/li>\n<li>Alina Kopacz-Sobczyk<\/li>\n<li>Dorota Koszto\u0142owicz<\/li>\n<li>Piotr Koszto\u0142owicz<\/li>\n<li>Barbara Kwiatkowska<\/li>\n<li>Katarzyna Kr\u0105kowska<\/li>\n<li>Iwona Kasela<\/li>\n<li>Piotr Ko\u00adtlarski<\/li>\n<li>Renata Knyzio<\/li>\n<li>Ma\u0142gorzata Kasica<\/li>\n<li>Zofia Lewkowicz<\/li>\n<li>Kamilla Lewkowicz<\/li>\n<li>Krystyna Lipska<\/li>\n<li>Agnieszka Lipska<\/li>\n<li>Zofia \u0141api\u0144ska<\/li>\n<li>Aleksandra Maciejewska<\/li>\n<li>Micha\u0142 Mazurkiewicz<\/li>\n<li>Ma\u0142gorzata Madej<\/li>\n<li>Joanna Nowak-Jagusi\u0144ska<\/li>\n<li>Barbara Nowak<\/li>\n<li>Joanna Olejniczak<\/li>\n<li>Anna Piskorz<\/li>\n<li>Teresa Pietrzyk-Kurz<\/li>\n<li>Katarzyna Przy\u00adbylska<\/li>\n<li>Katarzyna Paj\u0105czkowska<\/li>\n<li>Joanna Ponikowska<\/li>\n<li>El\u017cbieta Religa<\/li>\n<li>Ewa Rak<\/li>\n<li>Edyta Rybka<\/li>\n<li>Andrzej Szczerba<\/li>\n<li>Maria Szostak<\/li>\n<li>Wies\u0142awa Sierant<\/li>\n<li>Marzena Sur\u00adma<\/li>\n<li>Bo\u017cena Stachura<\/li>\n<li>Bo\u017cena Tomczyk<\/li>\n<li>Alicja Wryk<\/li>\n<li>Beata Wi\u015bniewska<\/li>\n<li>Tomasz Wydra<\/li>\n<li>Teresa Zar\u0119ba<\/li>\n<li>Beata Zi\u0119ba<\/li>\n<\/ul>\n<p>Nauczyciele niepe\u0142nozatrudnieni ucz\u0105cy w Technikum Geologicznym<\/p>\n<ul>\n<li>Czes\u0142awa Bartusiak<\/li>\n<li>Henryk Florin<\/li>\n<li>Maciej Guba\u0142a<\/li>\n<li>Henryk Kaczor<\/li>\n<li>ks. Stani\u00ads\u0142aw Ku\u015bmierek<\/li>\n<\/ul>\n","protected":false},"excerpt":{"rendered":"<p>Dyrektorzy szko\u0142y Ignacy Nesterowicz Jan Rafa\u0142 Kami\u0144ski Marian Niemiec Wanda Marcinkow\u00adska Czes\u0142aw Jaroszewski Mieczys\u0142aw Krzosa W\u0142odzimierz Talik Tadeusz Mertyna Zast\u0119pcy dyrektora Eugeniusz Senkowicz Marian Niemiec Ryszard Zieli\u0144ski Wanda Marcinkowska Stanis\u0142aw Kozie\u0142 Kazimierz Bogda\u0144ski Zenon Wo\u017aniak Jolanta Szajn Wychowawcy klas Halina Baka\u0142arz 1984, 1988 Kazimierz Bogda\u0144ski, 1970, 1978 Zbigniew Cygan 1959\u2026<\/p>\n<p class=\"continue-reading-button\"> <a class=\"continue-reading-link\" href=\"https:\/\/satg.pl\/geolog\/spis-absolwentow\/nauczyciele\/\">Czytaj dalej<i class=\"crycon-right-dir\"><\/i><\/a><\/p>\n","protected":false},"author":1,"featured_media":0,"parent":143,"menu_order":0,"comment_status":"closed","ping_status":"closed","template":"","meta":{"ngg_post_thumbnail":0,"jetpack_post_was_ever_published":false,"footnotes":""},"class_list":["post-255","page","type-page","status-publish","hentry"],"jetpack_sharing_enabled":true,"jetpack_shortlink":"https:\/\/wp.me\/P7jPbe-47","jetpack-related-posts":[{"id":186,"url":"https:\/\/satg.pl\/geolog\/spis-absolwentow\/1961-1970\/","url_meta":{"origin":255,"position":0},"title":"1961-1970","author":"Garapozales","date":"2010-11-06","format":false,"excerpt":"ROCZNIK 1961 Wychowawca - Eugeniusz SENKIEWICZ BIA\u0141OGO\u0143SKI Piotr DENKOWSKI Wies\u0142aw G\u0104SIOR Marcin GONCIARZ Czes\u0142aw GRZYBOWSKI Ryszard KOCHANOWSKI Edward KURPI\u0143SKI Zdzis\u0142aw MAJCHER Jan MALCZYK Jan MASTALERZ Edward MIKUS Janusz NOWACKI Rafa\u0142 OCZKO Jacek STARZOWSKI J\u00f3zef WRONA Jerzy Wychowawca - Teodozja POJAWSKA. BILSKI Stanis\u0142aw BURZY\u0143SKI Waldemar CHRZANOWSKI Jerzy CHYREK Bogus\u0142aw CIEPLUCH Sylwester\u2026","rel":"","context":"Podobny wpis","block_context":{"text":"Podobny wpis","link":""},"img":{"alt_text":"","src":"","width":0,"height":0},"classes":[]},{"id":188,"url":"https:\/\/satg.pl\/geolog\/spis-absolwentow\/1971-1980\/","url_meta":{"origin":255,"position":1},"title":"1971-1980","author":"Garapozales","date":"2010-11-06","format":false,"excerpt":"ROCZNIK 1971 Wychowawca - Teodozja POJAWSKA BARUCHA Andrzej BIESAGA Ryszard BORKOWSKI Jerzy BUCZEK Krzysztof BUCZEK Miros\u0142aw DOMI\u0143CZAK J\u00f3zef DUSZA Bogdan FELISEK Ryszard GOLDA Czes\u0142aw KOBIEC J\u00f3zef KOBY\u0141KA Jerzy KOSIOR Henryk KOZERA Adam KULIKOWSKI Kazimierz \u0141AB\u0104D\u0179 Henryk MAREK Zbigniew MO\u0106KO Stanis\u0142aw MO\u0141DA Krzysztof NAWARA Tadeusz SEREMAK Fryderyk SOLECKI Antoni TOMICKI Marek\u2026","rel":"","context":"Podobny wpis","block_context":{"text":"Podobny wpis","link":""},"img":{"alt_text":"","src":"","width":0,"height":0},"classes":[]},{"id":180,"url":"https:\/\/satg.pl\/geolog\/spis-absolwentow\/1957-1960\/","url_meta":{"origin":255,"position":2},"title":"1957-1960","author":"Garapozales","date":"2010-11-06","format":false,"excerpt":"ROCZNIK 1957 Wychowawca - Maria ZATORSKA DZIURA Stanis\u0142aw GATKOWSKI Zbigniew G\u0141\u0104B Eugenia GRABOWSKI Pawet HELI\u0143SKI Zdzis\u0142aw HOLA Maria JANKOWSKA Jadwiga KANIA Zofia KRAKOWIAK Roman KRYZA Krystyna KRZY\u017bANOWSKA Berta KUMOR Anna LUDWISIAK Wies\u0142awa MALICKA J\u00f3zefa NOCU\u0143 Bogdan PAJ\u0104K Marian PAPROS Jan PASO\u0143 Stanis\u0142awa P\u0141OWIE\u0106 Teresa PREDOTKA J\u00f3zefa SAPA Danuta SIEMIENIEC Augustyn\u2026","rel":"","context":"Podobny wpis","block_context":{"text":"Podobny wpis","link":""},"img":{"alt_text":"","src":"","width":0,"height":0},"classes":[]},{"id":9,"url":"https:\/\/satg.pl\/geolog\/historia\/","url_meta":{"origin":255,"position":3},"title":"HISTORIA","author":"Garapozales","date":"2010-10-30","format":false,"excerpt":"Historia TG \u00a0 Technikum Geologiczne w Kielcach powsta\u0142o w 1953 r. na mocy zarz\u0105dzenia z dnia 28 lutego 1953\u00a0r. nr IV-05b\/30 wydanego przez Centralny Urz\u0105d Geologii w Warszawie. W roku szkolnym 1953\/54 by\u0142a jedna czterdziestoosobowa klasa wydzia\u0142u laboratoryjnego z\u00a0jednym nauczycielem etatowym, wychowawczyni\u0105 klasy by\u0142a mgr Maria Zatorska. Pierwszym dyrektorem szko\u0142y\u2026","rel":"","context":"Podobny wpis","block_context":{"text":"Podobny wpis","link":""},"img":{"alt_text":"","src":"","width":0,"height":0},"classes":[]},{"id":190,"url":"https:\/\/satg.pl\/geolog\/spis-absolwentow\/1981-1990\/","url_meta":{"origin":255,"position":4},"title":"1981-1990","author":"Garapozales","date":"2010-11-06","format":false,"excerpt":"ROCZNIK 1981 Wychowawca - Stanis\u0142aw LISOWICZ - Jolanta SZAJN ADAMCZYK Miros\u0142aw BAJOROWICZ Marian BARTNIK S\u0142awomir JA\u0141OCHA Bogus\u0142aw K\u0118DZIORA Wojciech KIELI\u015a Miros\u0142aw KLIMA Zbigniew KOWALSKI Wojciech KUNDERA Wies\u0142aw MIKO\u0141AJCZYK Jaros\u0142aw MIODOWSKI Andrzej ORSZULAK Andrzej PIETRUCH Tomasz PIETRZYKOWSKI Janusz PONIEWIERSKI Jan RECZY\u0143SKI Krzysztof SKOWERA Arkadiusz SROKA Jacek SZUFLIK Jan \u015aLUSAREK Krzysztof TARKA\u2026","rel":"","context":"Podobny wpis","block_context":{"text":"Podobny wpis","link":""},"img":{"alt_text":"","src":"","width":0,"height":0},"classes":[]},{"id":10235,"url":"https:\/\/satg.pl\/geolog\/_1\/luiza-kwapien\/","url_meta":{"origin":255,"position":5},"title":"Luiza Kwapie\u0144","author":"Marzena Bakalarz-Doropowicz","date":"2016-01-21","format":false,"excerpt":"Luiza Kwapie\u0144 c\u00f3rka Nataszy Tanianis i Marcina Kwapienia (oboje rocznik 1993) Luiza niedawno sko\u0144czy\u0142a 11 lat. Dzi\u0119ki wp\u0142atom darczy\u0144c\u00f3w przez ostatni czas mog\u0142a intensywnie pracowa\u0107 nad swoim zdrowiem osi\u0105gaj\u0105c znaczn\u0105 popraw\u0119. Dajmy szans\u0119 Luizie na \"normalne\" \u017cycie. Przeka\u017cmy 1% w zeznaniu podatkowym na jej leczenie. Ka\u017cda z\u0142ot\u00f3wka zostanie wykorzystana w\u2026","rel":"","context":"Podobny wpis","block_context":{"text":"Podobny wpis","link":""},"img":{"alt_text":"pit2010","src":"https:\/\/i0.wp.com\/satg.pl\/geolog\/wp-content\/uploads\/2016\/01\/pit2010.jpg?resize=350%2C200","width":350,"height":200,"srcset":"https:\/\/i0.wp.com\/satg.pl\/geolog\/wp-content\/uploads\/2016\/01\/pit2010.jpg?resize=350%2C200 1x, https:\/\/i0.wp.com\/satg.pl\/geolog\/wp-content\/uploads\/2016\/01\/pit2010.jpg?resize=525%2C300 1.5x, https:\/\/i0.wp.com\/satg.pl\/geolog\/wp-content\/uploads\/2016\/01\/pit2010.jpg?resize=700%2C400 2x"},"classes":[]}],"jetpack_likes_enabled":true,"_links":{"self":[{"href":"https:\/\/satg.pl\/geolog\/wp-json\/wp\/v2\/pages\/255","targetHints":{"allow":["GET"]}}],"collection":[{"href":"https:\/\/satg.pl\/geolog\/wp-json\/wp\/v2\/pages"}],"about":[{"href":"https:\/\/satg.pl\/geolog\/wp-json\/wp\/v2\/types\/page"}],"author":[{"embeddable":true,"href":"https:\/\/satg.pl\/geolog\/wp-json\/wp\/v2\/users\/1"}],"replies":[{"embeddable":true,"href":"https:\/\/satg.pl\/geolog\/wp-json\/wp\/v2\/comments?post=255"}],"version-history":[{"count":1,"href":"https:\/\/satg.pl\/geolog\/wp-json\/wp\/v2\/pages\/255\/revisions"}],"predecessor-version":[{"id":21919,"href":"https:\/\/satg.pl\/geolog\/wp-json\/wp\/v2\/pages\/255\/revisions\/21919"}],"up":[{"embeddable":true,"href":"https:\/\/satg.pl\/geolog\/wp-json\/wp\/v2\/pages\/143"}],"wp:attachment":[{"href":"https:\/\/satg.pl\/geolog\/wp-json\/wp\/v2\/media?parent=255"}],"curies":[{"name":"wp","href":"https:\/\/api.w.org\/{rel}","templated":true}]}}